tens digit of k(-4)?
8
Suppose 0 = n - l + 215 - 8007, -2*l = 13*n - 101236. What is the thousands digit of n?
7
Let g(k) be the third derivative of 2*k**5/15 - k**4/8 + k**3 - 51*k**2. What is the tens digit of g(-7)?
1
Suppose 0 = -3*z - 2*b + 10528, 17525 = 5*z - 38*b + 37*b. What is the thousands digit of z?
3
Suppose 8*x = 9*x - 47. Let l = 51 - x. Suppose -i = -2*c + c + 28, -l*i - 62 = -2*c. What is the tens digit of c?
2
Let k(h) = h + 6. Let j = 21 + -27. Let o be k(j). Let w = 127 + o. What is the tens digit of w?
2
Let j(a) = 11*a**2 - 134*a + 2. What is the hundreds digit of j(41)?
9
Let y(f) be the first derivative of f**4/4 + 14*f**3/3 - 7*f**2/2 - 11*f + 25. Suppose h + 1 = -13. What is the units digit of y(h)?
7
Suppose 5*o + 2*n + 5 = 57, -2*n = -2. Suppose -o*c + 168 = -172. What is the units digit of c?
4
Suppose 2*w = -8, 7*w + 1291 = 3*s + 3*w. Let o = s + -81. What is the hundreds digit of o?
3
Suppose 2*q - 28 = -12. Let j be (16/3 - 2)/(q/336). Let w = j + 15. What is the tens digit of w?
5
Let l = -13062 + 21740. What is the tens digit of l?
7
Suppose 0 = 9*j + 15*j - 175920. Suppose 9*f + f = j. What is the units digit of f?
3
Suppose 11*z - 27500 = -264. Suppose y - 2236 = -5*r + 879, -4*r = 4*y - z. What is the tens digit of r?
2
Let w be (18/(-10))/(39/(-65)). Let j be (3 - 111/w)*-15. Suppose -2*l - j = -7*l. What is the units digit of l?
2
What is the thousands digit of (-1*1/1)/(((-18)/(-6234))/(-3))?
1
Suppose -11*h + h = 4350. Let g = h + 803. What is the tens digit of g?
6
Let j = -4822 - -14433. What is the tens digit of j?
1
Let f be (728/40 - 5)/((-6)/(-40)). What is the units digit of (-2)/8 + 53614/f?
9
Let r = -3262 - -5527. Suppose -3*y = 7*n - 4*n - 2235, -3*n + r = -3*y. What is the hundreds digit of n?
7
Let t = -232 + 168. What is the tens digit of t/(-2) + -1 - (-5 + 4)?
3
Suppose 2*v + 63 = v. Let z = v + 55. What is the tens digit of (-238)/(-4) + 36/z + 5?
6
Suppose -4*p + 3*c + 167068 = -52897, 5*p - 274950 = 5*c. What is the hundreds digit of p?
9
Let d(n) be the first derivative of 45*n**2/2 + 7*n + 94. Let o(m) = -m**3 - 7*m**2 + m + 9. Let y be o(-7). What is the units digit of d(y)?
7
Suppose 9*l - 10 = 4*l, l + 3142 = 3*y. Suppose 7*w - 3*w = y. Suppose -w = -3*h + 29. What is the tens digit of h?
9
Let x = 7239 + 794. What is the units digit of x?
3
Let v be 5/(3/(-12)*-2). Let t = 44 + -42. What is the tens digit of 37*v/4 + 1/t?
9
What is the hundreds digit of (4 - 32/8) + 2782 - 0?
7
Let t(d) = -d**3 - 3*d**2 - 11*d - 575. What is the hundreds digit of t(-23)?
2
Let l(s) be the second derivative of -s**5/20 - s**4/2 - 4*s**3/3 - s**2 + 4*s. Let w be l(-4). What is the units digit of (8/24)/((-322)/162 - w)?
7
Suppose -2*x + 8*d - 13*d = 106, 0 = 5*x - 3*d + 234. Suppose y - 4*y - 12 = 0. What is the tens digit of (x + 1)*(y + 3)?
4
Let m(j) = -132*j + 21. Let u(n) = -88*n + 14. Let a(c) = -5*m(c) + 7*u(c). What is the hundreds digit of a(4)?
1
Let i = 11 - 17. Let u be (3/i)/(3/(-72)). What is the units digit of 387/6*16/u?
6
Suppose -139*h = -14*h - 3177237 + 896487. What is the units digit of h?
6
Let t = -1037 - -14587. What is the tens digit of t?
5
Let y be (1/(-1) - -2)*-13*-20. Suppose -43*a - y = -48*a. Suppose m - 1 - a = 0. What is the units digit of m?
3
Let x(y) = 2620*y**2 - 7*y + 22. What is the tens digit of x(3)?
8
Let a = 61418 + 8714. What is the tens digit of a?
3
What is the thousands digit of 29*(73 - 77/7)?
1
Let a(m) = -m**2 + 13*m - 10. Let r be a(6). Suppose 3*o - r = -5*o. Suppose k = -o*k + 20. What is the units digit of k?
4
Let r(w) = w**2 - 15*w + 21. Let n be -1 - (0 + -15) - 0. Let g be r(n). What is the units digit of (249/(-15))/(g/(-35))?
3
Suppose -5*l - 5*b + 65 = 0, 25*l - 2*b = 26*l - 17. Suppose 162 = -l*k + 10*k. What is the tens digit of k?
6
Let q(p) = -p**3 - 22*p**2 - 26*p + 17. Let f = 80 + -65. Let g(n) = -n**2 + 14*n - 6. Let z be g(f). What is the hundreds digit of q(z)?
1
Suppose -b - 3*w + 26 = 0, -b - w + 2*w = -18. Suppose -z - 2720 = -6*z - h, -4*h = b. What is the units digit of z?
5
Suppose j = -r - 4*j + 151, -3*r = 5*j - 463. Let l be (19 + -167)*(-3)/(-6). Let c = r + l. What is the units digit of c?
2
Let h(o) = 1858*o + 1807. What is the thousands digit of h(9)?
8
Suppose 0 = 2*b - b + 3*u - 179, 0 = -4*b - 2*u + 766. Suppose b - 68 = 3*a. Suppose 3*y + a = 4*v + 2*y, -5*v = -5*y - 45. What is the units digit of v?
1
What is the thousands digit of (6/80)/((-54)/(-90)) + 111086/16?
6
Let h(d) be the second derivative of 11*d**2 + 0 - d + 1/3*d**3. What is the units digit of h(15)?
2
Let j be ((-246)/(-4))/((-5)/(-810)). What is the thousands digit of 2 - (j/(-9) - 5)?
1
Suppose 3*j = 6, -5*t = -10*t + j + 363. Let p(b) = b - 5. Let i be p(9). Suppose 0 = -4*c + 2*w + 54, -i*c - 3*w + t = c. What is the units digit of c?
4
Let s(o) be the third derivative of 29*o**6/30 - o**4/24 - o**3/6 - 12*o**2. Let i be s(-1). Let n = i - -199. What is the tens digit of n?
8
Let y = -8197 - -12472. What is the tens digit of y?
7
Let y(v) = -9*v**3 - 6*v**2 + 14*v - 68. Let m be y(6). Let c = m - -3300. What is the tens digit of c?
5
Suppose 60 + 0 = -d. Let t = -334 - -418. Let p = d + t. What is the units digit of p?
4
What is the units digit of (9/(504/(-56008)))/((-4)/28)?
1
What is the units digit of -75*(-9 - (-5488)/(-42))?
5
Let v = -55280 + 102333. What is the units digit of v?
3
Let d = -1287 - -2202. Let w = d - 446. What is the tens digit of w?
6
Let a = 14217 + -4218. What is the hundreds digit of a?
9
Suppose -7*l + 11*l = 3*o - 48075, 4*o + 4*l - 64156 = 0. What is the ten thousands digit of o?
1
Let i = -22 + 33. Let m = i + -153. Let u = m - -251. What is the units digit of u?
9
Let u be (-48)/(-84) + 188/14. Suppose -u*g = -2*g - 2280. What is the tens digit of g?
9
Let r = 4828 + 1773. What is the thousands digit of r?
6
Let w(t) = 2*t**2 - t - 7. Let k be w(5). Let z = -2006 + 1971. Let r = k - z. What is the tens digit of r?
7
What is the hundreds digit of (-16 - -19) + 5 + 0 - -720?
7
Suppose -15*q + 12*q + 36 = 0. Suppose q*s - 6072 = -12*s. What is the hundreds digit of s?
2
Suppose -4*k + 3*l = -26988, -4*k + 26960 = 15*l - 11*l. What is the hundreds digit of k?
7
Let l = 7643 + 5249. What is the ten thousands digit of l?
1
Let s be 4*12/(-16) - (-6 - 0). Suppose 0 = s*m - 4*x + 16, 5 + 3 = 2*x. Suppose 3 + 2 = -v, 4*o - 2*v - 318 = m. What is the tens digit of o?
7
Suppose k = -5*j - 5, -14 - 11 = 5*k + 2*j. Suppose -1 = -i + 3*i - v, -5*i = -2*v. What is the units digit of (-4)/(0 - i) + (-2 - k)?
5
Suppose 35*i - 4*i - 218130 = 16*i. What is the tens digit of i?
4
Let g = -26 - -38. Suppose -g = -t + 62. What is the tens digit of t?
7
Suppose 6 = c + 2*c, -5*c = 5*o - 3710. Suppose -13*n + 17*n = o. What is the units digit of 18/(-42) + -1 + n/7?
5
Let n = 13859 - 7545. What is the thousands digit of n?
6
Suppose 1 = -k - 3. Let a(v) be the third derivative of v**6/120 + 3*v**5/20 + 20*v**2. What is the tens digit of a(k)?
8
Suppose -22*z + 4 = -18*z, -4*z - 35633 = -3*q. What is the units digit of q?
9
Let w(s) = -s - 3. Let f(j) = j**2 + 9*j + 2. Let r(p) = f(p) + 5*w(p). Let m be 9 + -1 + (-2 - -1). What is the tens digit of r(m)?
6
Let t be (45 - 0/3) + -2. Suppose 4*h - 55 = -t. Suppose 5*u - 77 + 322 = 5*v, h*u = -6. What is the tens digit of v?
4
Suppose 0 = 205*r - 199*r - 18. Suppose 4*s = 3*k - 1110, 318 = k - r*s - 47. What is the hundreds digit of k?
3
Let l(n) = 16*n**2 + 7*n + 18. Let y be l(-4). Suppose 106*c - y = 103*c. Let i = c - -49. What is the hundreds digit of i?
1
Let n be ((385/10)/(-11))/(1/2). Let u = n - -42. Suppose u*x + 492 = 39*x. What is the tens digit of x?
2
Let q(s) be the third derivative of s**5/12 - s**4/24 - 8*s**3/3 - s**2 + 23*s. What is the tens digit of q(-3)?
3
What is the hundreds digit of (-21)/308*8 + 13828/22?
6
Suppose 0 = 72*u - 70*u + h - 38481, 4*h = -12. What is the units digit of u?
2
Let j(x) = 3*x**3 - x**2 + 2*x - 1. Let a(h) = h**3 + h**2 - 1. Suppose 2*r = -20 + 22. Let v(y) = r*j(y) - 2*a(y). What is the units digit of v(3)?
7
Suppose -7086 + 49412 - 5371 = 19*o. What is the hundreds digit of o?
9
Suppose 6*k - 8*k = 20. Let h be (16/k)/(-1 + 1309